3978678948?
4
What is the hundreds digit of 3376658953?
9
What is the units digit of 165278916?
6
What is the hundreds digit of 23233149?
1
What is the millions digit of 836212364?
6
What is the hundreds digit of 1152305250?
2
What is the hundred millions digit of 1109450697?
1
What is the ten millions digit of 89924809?
8
What is the hundred millions digit of 139968692?
1
What is the units digit of 368430078?
8
What is the units digit of 46954507?
7
What is the millions digit of 654127250?
4
What is the ten thousands digit of 23874759?
7
What is the hundreds digit of 11437183?
1
What is the billions digit of 1680151227?
1
What is the tens digit of 80988688?
8
What is the thousands digit of 57405193?
5
What is the ten millions digit of 312303029?
1
What is the thousands digit of 156315114?
5
What is the ten thousands digit of 122535108?
3
What is the hundred millions digit of 303095569?
3
What is the hundreds digit of 371051871?
8
What is the ten thousands digit of 44346775?
4
What is the hundred thousands digit of 1632822689?
8
What is the ten thousands digit of 34809415?
0
What is the ten thousands digit of 71309334?
0
What is the millions digit of 205450757?
5
What is the units digit of 55443670?
0
What is the hundred thousands digit of 4512575625?
5
What is the hundred thousands digit of 1173840619?
8
What is the hundred millions digit of 482520944?
4
What is the tens digit of 328907988?
8
What is the tens digit of 28135091?
9
What is the hundreds digit of 1179445053?
0
What is the thousands digit of 85030206?
0
What is the millions digit of 665535513?
5
What is the tens digit of 194076042?
4
What is the tens digit of 36124727?
2
What is the units digit of 63051002?
2
What is the hundred thousands digit of 3565776722?
7
What is the millions digit of 157252931?
7
What is the ten thousands digit of 6266834?
6
What is the ten thousands digit of 1581264709?
6
What is the hundreds digit of 400009378?
3
What is the ten millions digit of 157760251?
5
What is the thousands digit of 65240276?
0
What is the ten millions digit of 1662379653?
6
What is the units digit of 136301928?
8
What is the thousands digit of 871238471?
8
What is the units digit of 34555840?
0
What is the billions digit of 5416661070?
5
What is the millions digit of 87332825?
7
What is the tens digit of 233391501?
0
What is the ten millions digit of 7717793155?
1
What is the millions digit of 405545657?
5
What is the ten thousands digit of 41273551?
7
What is the hundreds digit of 738123422?
4
What is the thousands digit of 43344785?
4
What is the hundred millions digit of 1465600659?
4
What is the hundred millions digit of 632162410?
6
What is the units digit of 14040041?
1
What is the ten thousands digit of 30905?
3
What is the hundred millions digit of 164257779?
1
What is the thousands digit of 883544303?
4
What is the hundred thousands digit of 1076259?
0
What is the hundreds digit of 2121424003?
0
What is the units digit of 626427745?
5
What is the units digit of 137017566?
6
What is the thousands digit of 17115382?
5
What is the millions digit of 315503197?
5
What is the units digit of 3553759394?
4
What is the units digit of 74391699?
9
What is the units digit of 12364141?
1
What is the hundred thousands digit of 615516380?
5
What is the hundred thousands digit of 49116613?
1
What is the hundred millions digit of 223627803?
2
What is the tens digit of 28539818?
1
What is the ten millions digit of 796703471?
9
What is the hundred thousands digit of 170858293?
8
What is the millions digit of 415126181?
5
What is the tens digit of 73338384?
8
What is the hundred millions digit of 368535455?
3
What is the millions digit of 9161368?
9
What is the millions digit of 164938677?
4
What is the billions digit of 2858897002?
2
What is the units digit of 3661893499?
9
What is the hundred thousands digit of 94437100?
4
What is the tens digit of 29307245?
4
What is the tens digit of 84075820?
2
What is the tens digit of 196595671?
7
What is the units digit of 1102625433?
3
What is the hundreds digit of 1302484?
4
What is the hundreds digit of 143853976?
9
What is the ten millions digit of 188255097?
8
What is the ten millions digit of 588138081?
8
What is the millions digit of 6868432?
6
What is the hundred millions digit of 377709027?
3
What is the thousands digit of 984913?
4
What is the thousands digit of 178868353?
8
What is the ten thousands digit of 66093543?
9
What is the hundred millions digit of 799899334?
7
What is the hundreds digit of 409358690?
6
What is the thousands digit of 3573642816?
2
What is the tens digit of 5722267478?
7
What is the hundred thousands digit of 9321253?
3
What is the tens digit of 146192728?
2
What is the units digit of 133694165?
5
What is the millions digit of 462862700?
2
What is the tens digit of 1926168239?
3
What is the hundreds digit of 3993544?
5
What is the units digit of 25999382?
2
What is the hundreds digit of 41945572?
5
What is the thousands digit of 11704899?
4
What is the thousands digit of 205824276?
4
What is the hundred millions digit of 262140407?
2
What is the tens digit of 349018938?
3
What is the millions digit of 73205306?
3
What is the ten millions digit of 151495129?
5
What is the millions digit of 278319336?
8
What is the hundreds digit of 1021342628?
6
What is the hundred thousands digit of 909978854?
9
What is the hundred thousands digit of 883728088?
7
What is the hundred thousands digit of 234836553?
8
What is the thousands digit of 44535087?
5
What is the hundred millions digit of 212957772?
2
What is the hundred millions digit of 110253085?
1
What is the ten thousands digit of 266625720?
2
What is the hundred millions digit of 521290002?
5
What is the units digit of 2505540491?
1
What is the ten millions digit of 407971031?
0
What is the tens digit of 52837233?
3
What is the hundred thousands digit of 391206062?
2
What is the hundreds digit of 1163709855?
8
What is the units digit of 54265101?
1
What is the millions digit of 271997091?
1
What is the units digit of 94441833?
3
What is the thousands digit of 48861663?
1
What is the thousands digit of 589873872?
3
What is the millions digit of 169170807?
9
What is the ten thousands digit of 520930003?
3
What is the tens digit of 147784314?
1
What is the millions digit of 813343007?
3
What is the ten thousands digit of 1054905643?
0
What is the hundred thousands digit of 1417027208?
0
What is the tens digit of 2837433593?
9
What is the hundreds digit of 54458257?
2
What is the tens digit of 5639614?
1
What is the hundred thousands digit of 321767204?
7
What is the millions digit of 748325996?
8
What is the hundred millions digit of 1870170528?
8
What is the ten millions digit of 331955465?
3
What is the tens digit of 965184476?
7
What is the millions digit of 91505637?
1
What is the hundred millions digit of 1084760666?
0
What is the units digit of 72159719?
9
What is the ten millions digit of 19828681?
1
What is the thousands digit of 902895325?
5
What is the ten millions digit of 4951994424?
5
What is the hundred millions digit of 640964968?
6
What is the thousands digit of 442532909?
2
What is the tens digit of 155961286?
8
What is the ten thousands digit of 916495708?
9
What is the millions digit of 294932957?
4
What is the hundred millions digit of 136451239?
1
What is the thousands digit of 3855423?
5
What is the hundred millions digit of 496435261?
4
What is the thousands digit of 1990208053?
8
What is the units digit of 445836632?
2
What is the millions digit of 4602665?
4
What is the ten thousands digit of 2595671486?
7
What is the ten thousands digit of 102862391?
6
What is the hundred millions digit of 1027837922?
0
What is the hundreds digit of 3556295175?
1
What is the ten millions digit of 1132528820?
3
What is the hundreds digit of 30113164?
1
What is the hundreds digit of 2078552722?
7
What is the hundred thousands digit of 1006124671?
1
What is the ten millions digit of 990635631?
9
What is the billions digit of 1102315030?
1
What is the hundred millions digit of 102732598?
1
What is the hundreds digit of 249239781?
7
What is the units digit of 589790730?
0
What is the hundred millions digit of 2324874134?
3
What is the units digit of 784419683?
3
Wh